/120 - r**4/12 + r**3/6 - r. Let t(h) be the second derivative of m(h). What is t(6)?
4
Let k(q) = -2*q**2 + 9*q - 1. Suppose 4*m = -b + 27 - 5, 4 = -m - 5*b. Determine k(m).
-19
Let u(d) be the third derivative of d**5/60 - d**4/6 - 5*d**3/6 - 2*d**2. Suppose -2*r - 6 = -3*r. Give u(r).
7
Let b(g) = -6*g**3 - 1. Let l = 10 - 11. Give b(l).
5
Let v(g) = -g**2 - 6*g - 5. Suppose -u = -0*u - 2. Suppose -2*m + 4*t = -t - 12, u*m = t - 4. Calculate v(m).
3
Suppose 0 = 4*c - 3*c - 5. Suppose 6*l + 4 = -2*g + c*l, 3*l = 4*g + 18. Let h(b) be the first derivative of 2*b**3/3 + b**2 - 2*b + 2. What is h(g)?
10
Let v(c) be the first derivative of -5/2*c**2 - c**3 + c + 1. Let t(k) = -4*k**2 - 6*k + 2. Let z(n) = -4*t(n) + 5*v(n). What is z(0)?
-3
Let z(a) be the third derivative of 0 - 2*a**2 + 0*a**3 - 1/60*a**5 - 1/10*a**6 + 1/24*a**4 + 0*a. What is z(1)?
-12
Let n(q) be the third derivative of -q**4/24 - q**3/3 + 26*q**2. Determine n(3).
-5
Suppose 4*v + t + 0 = 3, 15 = -2*v + 5*t. Suppose 4 = 2*j - v. Let y(h) = -h**3 + h**2 - 4*h**j + 0*h**2 + 2 + h. Determine y(-2).
-4
Let b(d) = d**3 + 25*d**2 + 45*d - 23. Let m be b(-23). Let w(i) be the third derivative of 1/60*i**5 - 2*i**2 - 1/4*i**4 + 0 + m*i + 5/6*i**3. Determine w(6).
5
Suppose 5*c = 2*c + 4*p + 23, -3*c + 24 = -3*p. Let a(h) = h**3 - 9*h**2 + 2*h - 8. Determine a(c).
10
Let w = -8 - -8. Let j(y) = -3*y**2 + 5 + 6*y**2 + 6*y - 2*y**2 + w*y**2. Give j(-5).
0
Let u = 3 - -1. Let n(g) = g**3 - 4*g**2 - g - 1. Calculate n(u).
-5
Let z(c) = -3*c + 2. Let y(l) = -l + 1. Suppose 2*t + 18 = -2*t + 5*g, -5*g + 20 = -5*t. Let n(d) = t*z(d) + 5*y(d). What is n(6)?
7
Suppose 0 - 3 = 3*h. Let k(l) = 2*l**2 + 1 + l - 8*l**2 + 0. Calculate k(h).
-6
Let o = 1/45 + 223/90. Let s(v) be the second derivative of 1/20*v**5 - 5/6*v**3 - o*v**2 + 1/4*v**4 + v + 0. Determine s(-4).
-1
Let k = -7 - -10. Let y = k + -8. Let i(g) = -g**3 - 5*g**2 - g + 6. Calculate i(y).
11
Suppose -b - 2*q = 8, -4*q = -5*b + 4*b + 22. Let y = 2 + -1. Let v(l) = 4 - y - 5*l - 1. What is v(b)?
-8
Let c(k) = -k - 1. Let l(j) = j**2 + 9*j + 6. Let a(h) = -6*c(h) - l(h). Let x(f) = -1 + 2*f + 4 - 3*f. Let w be x(6). Give a(w).
0
Let v(d) = 1 - 1 + 2*d + 0 - 3. Let f be 2/(-6) - (-2)/6. Suppose -15 = -3*h - f*h. Calculate v(h).
7
Let o(m) = -2*m**2 - 4*m - 3. Let h be (0/(-5))/(-2 - -1). Let q(a) = 2 + h*a - a - 11. Let u be q(-7). Give o(u).
-3
Let x(z) = z**3 - 6*z**2 + 6*z - 2. Suppose 25 = 21*f - 16*f. Let l be x(f). Let n(o) = o - 6. What is n(l)?
-3
Let p(b) = 2*b - 1. Let d be (-26)/4 + 2/4. Let h(x) = -x**2 - 6*x - 2. Let r be h(d). Calculate p(r).
-5
Let z(f) = 31*f**3 - 4*f**2 - 8*f - 4*f**2 - 13 - 30*f**3. Determine z(9).
-4
Let p = 13 - 16. Let h(n) = -n - 1. Give h(p).
2
Let d(m) = -5*m - 1. Let p(i) = i**3 + i**2 - i - 2. Let u be p(0). Calculate d(u).
9
Let w(d) = d. Let h = -2 - -10. Suppose 2*a + 4 = -h. Calculate w(a).
-6
Let c(f) = 2*f**2 - 8*f - 16. Let n be c(7). Let s(h) = -h + 0*h - 7*h + 13. Let j(k) = -2*k + 3. Let x(i) = n*j(i) - 6*s(i). Determine x(-1).
4
Suppose h + 20 = -4*h + v, -4*h = 5*v + 45. Let w be h/(-1) + 2/1. Let p(f) = f**3 - 8*f**2 + 7*f - 5. Let b be p(w). Let z(m) = m**2 + 4*m - 6. What is z(b)?
-1
Suppose -15 = j - 2*j - 3*v, 4*v - 16 = 0. Let p(r) be the third derivative of -r**4/12 + r**3/3 - r**2. Determine p(j).
-4
Let j be (-8)/6*(-3)/2. Suppose 2*h - 4 = j. Let w(a) = -7*a + 4. Let v(c) = 10*c - 6. Let g(b) = 5*v(b) + 7*w(b). Give g(h).
1
Suppose 3*v + 9 = 6. Let u = -4 + v. Let j(h) = -h**2 - 4*h - 4. Calculate j(u).
-9
Let w = -6 + 7. Suppose -9 - 7 = 4*y. Let r = y - w. Let c(k) = -k + 2. Determine c(r).
7
Suppose 0 = u + 3 - 0. Let w = -7 - u. Let d(n) = -n**2 - 5*n. Give d(w).
4
Let t(u) = u**2 + u + 4. Suppose -5*c = -3*a + 5 + 7, 0 = 5*a - 20. Give t(c).
4
Let s(j) = -3*j - 5. Suppose 5*l - c = -27, -5*c + 6 = -4. Determine s(l).
10
Let n = 5 - 4. Let k(r) be the second derivative of r**3/3 - r**2/2 + 2*r. Determine k(n).
1
Let k = 17 + -15. Let a(f) = 2 - f - 3*f**k + 5*f**2 - 2. Give a(-2).
10
Suppose -27 = -3*j - 12. Suppose -4*p = -0*w - 2*w - 76, j*p + w = 81. Suppose -5*k = -p - 3. Let x(a) = a**2 - 2*a - 4. What is x(k)?
4
Suppose 5*a - 8 = 32. Let w(m) = -a*m**2 + m - m. Give w(1).
-8
Suppose 5*i - 4*w - 1 + 0 = 0, -5*i + w + 4 = 0. Let c(z) = 3*z - 6 + 2 + i. Suppose 0 = -7*u + 5*u + 4. Give c(u).
3
Let k(n) = n - 5. Let w be k(12). Let g(b) = -b - 1. Determine g(w).
-8
Let q(i) = 2*i - 13. Let v(h) = h - 6. Let f(c) = 2*q(c) - 5*v(c). Let g be 4/((-4)/(-16)*4). Let x(o) = o**2 - 2*o - 3. Let m be x(g). Give f(m).
-1
Let b(w) = -8*w**2 - 6*w + 12*w**2 + 2*w + 3. Suppose -y - 1 = a, -4*a + 3*y + 15 = -a. Give b(a).
11
Let c(x) be the first derivative of x**2/2 - 2*x + 6. What is c(5)?
3
Let b(o) = -o - 4 + 0*o + 2*o. Let c be (-1)/(-1)*2*3. Let t = -6 + c. Calculate b(t).
-4
Let o(i) be the second derivative of -i**4/12 - 4*i**3/3 - i**2/2 + 6*i - 2. Give o(-4).
15
Let l(g) be the third derivative of -g**4/8 + g**3 + 4*g**2. Determine l(5).
-9
Let q = -11 + 21. Let b = q - 5. Let n(p) = -5 + b*p**3 - 6*p**3 - 2*p**2 + 2 - 3*p. Give n(-2).
3
Let n(x) = x**2 - x - 20 - 23 + 64 - 19. Determine n(-3).
14
Suppose -2*l = l. Suppose -9*m + 6*m - 6 = l. Let f(b) = -b**3 - 3*b**2 - 2*b - 1. Calculate f(m).
-1
Suppose n + 5*k - 12 = 0, 4*n + 2*k - 14 = -n. Let a(q) be the first derivative of q**n - 4*q - 2 + 1/3*q**3. Determine a(-4).
4
Let u(s) = 62*s - 63*s - 1 + 0 - 2. Calculate u(-7).
4
Let p(z) = -2*z + 2. Let h be 1/(-4) - (-185)/20. Suppose h*s = 4*s - 125. Let a be (-5)/(-2)*30/s. Determine p(a).
8
Let d(l) = -9*l**2 + l + 1. Let p = -24 + 23. Determine d(p).
-9
Suppose -3*w = -5*w. Suppose -2*k + w*k = -4*z + 10, 4*k + 8 = 2*z. Let m(y) = -2 + 3*y + y**3 - 3*y**2 + 2 - 1. What is m(z)?
1
Let p(m) = m**2 + 2*m. Let u(g) = -g**3 - 5*g**2 - 2*g + 1. Let y be u(-4). Let h(w) = -w**2 - 2*w. Let x(s) = y*p(s) - 6*h(s). What is x(-3)?
-3
Let w(o) = o**2 + 3*o - 1. Suppose -3*g - 23 = 4*x, -2*x + 3*g + 17 = -3*x. Calculate w(x).
-3
Let o(j) = -j**2 - 3*j + 5. Suppose 19*w - 8*w = -55. Determine o(w).
-5
Let c(p) = -p + 6. Let n be c(7). Let h be (0/2 - n) + 2. Let a(k) = -k**3 + 4*k**2 + k - 4. Determine a(h).
8
Let v(s) = 7*s**2 + 3*s + 1. Let i(g) = 5 - 13*g**2 - 4 - 6*g - 3. Let w(z) = -6*i(z) - 11*v(z). Let a(b) = -b - 8. Let k be a(-5). Determine w(k).
1
Let t(d) be the second derivative of d**5/60 + d**4/6 - d**3/6 + 4*d**2 + 10*d. Let f(g) be the first derivative of t(g). Calculate f(-5).
4
Let p(w) = -w + 5. Let y(b) = b**2 - 3*b - 20. Let f be y(7). What is p(f)?
-3
Suppose 0*s - 2 = s. Let h(i) = -i**2. Let q(c) = -c**2 + 4*c + 4. Let n(w) = s*h(w) + q(w). Determine n(-5).
9
Let n(o) = o**3 + 6*o**2 - o - 2. Let i = -21 + 15. Let w be n(i). Let b(j) = w*j + j**2 - 4*j. Give b(-1).
1
Let d(b) = 3*b**3 - 2*b**3 - 4*b**3 - 20*b - 3*b**2 + 2 + 19*b. Give d(-2).
16
Let v(l) = -3*l - 22. Let g be v(-9). Let k(x) = 4*x + g + 4*x - 4*x - 3*x. Determine k(-6).
-1
Let r = 6 - 9. Let j(d) = 3*d - 4. Calculate j(r).
-13
Let z(t) be the third derivative of -4*t**2 + 1/12*t**4 + 0*t + 0 + 2/3*t**3. Give z(-6).
-8
Let p(z) = -z**3 + 22 - 6*z - 12*z**2 - 24 + 19*z**2. Suppose -5 = -2*f + 7. Give p(f).
-2
Let h(y) = -y**2 + 12*y - 1. Let g(u) = -u**2 + 11*u. Let p(o) = 6*g(o) - 5*h(o). Give p(7).
-2
Suppose -k + 5*k + 13 = -3*l, 0 = -4*l - 5*k - 17. Let y(m) = -8*m. Give y(l).
24
Let r = -20 + 19. Let t(f) = f**2 + 2*f + 1. Give t(r).
0
Let h(p) = 2 - p + p - p. Suppose -12 = -q - 5*r - 0, 0 = -2*q + 3*r - 15. Calculate h(q).
5
Let h(a) = 1 - 4*a + 5 + 6*a. Determine h(-4).
-2
Let x(w) be the first derivative of w**4/4 - w**3/3 + 25*w - 47. Give x(0).
25
Let q be 2*(-12)/32*4. Let h = -1 - q. Let k(j) = 4*j + 1. Calculate k(h).
9
Let r(b) = -9*b**2 + 7*b**2 - 4*b + 2*b. Calculate r(-2).
-4
Let p(h) = -2*h + 2*h + 2 + 4*h. Let c = -6 + 4. Give p(c).
-6
Suppose 7 = -2*x - 3. Suppose 0*d - d = -7. Let h(v) = -d + v + v + 2*v - 5*v. Give h(x).
-2
Let w be -1 - 0 - (-1)/((-1)/(-2)). Let v(i) = 2*i**2 + 1. Calculate v(w).
3
Suppose r = -2*r + 6. Let o(i) = 2*i + 2*i + 1 + 2*i - r*i. Suppose q + n + 2 = -2*q, -4*q + n - 5 = 0. What is o(q)?
-3
Suppose 2*d + 5 = 3*k - 4*k, 4*d = 2*k + 10. Le